{"id":103,"date":"2019-05-22T14:01:47","date_gmt":"2019-05-22T14:01:47","guid":{"rendered":"https:\/\/angiomedi.com.br\/home\/?page_id=103"},"modified":"2024-02-05T11:22:44","modified_gmt":"2024-02-05T14:22:44","slug":"angiomedi-2","status":"publish","type":"page","link":"https:\/\/angiomedi.com.br\/home\/angiomedi-2\/","title":{"rendered":"Angiomedi"},"content":{"rendered":"<section class=\"l-section wpb_row height_huge\"><div class=\"l-section-h i-cf\"><div class=\"g-cols vc_row via_flex valign_top type_default stacking_default\"><div class=\"vc_col-sm-12 wpb_column vc_column_container\"><div class=\"vc_column-inner\"><div class=\"wpb_wrapper\"><div class=\"g-cols wpb_row via_flex valign_middle type_default stacking_default\"><div class=\"vc_col-sm-6 wpb_column vc_column_container\"><div class=\"vc_column-inner\"><div class=\"wpb_wrapper\"><div class=\"wpb_text_column\"><div class=\"wpb_wrapper\"><h2 style=\"text-align: justify;\"><strong>Angiologia e Cirurgia Vascular na Asa Sul<\/strong><\/h2>\n<p style=\"text-align: justify;\"><span style=\"font-weight: 400;\">Fundada em 2003, a Cl\u00ednica Angiomedi surgiu com o prop\u00f3sito de se consolidar como um centro m\u00e9dico especializado em sa\u00fade vascular, dedicado \u00e0 preven\u00e7\u00e3o, diagn\u00f3stico e tratamento dos transtornos circulat\u00f3rios. Nossa prioridade \u00e9 disponibilizar tecnologia de \u00faltima gera\u00e7\u00e3o em prol da sa\u00fade do cliente. O Dr. Ant\u00f4nio Carlos de Souza, um dos fundadores e renomado professor de medicina e cirurgia na Universidade Cat\u00f3lica de Bras\u00edlia, contribui para a excel\u00eancia cl\u00ednica.<\/span><\/p>\n<p style=\"text-align: justify;\"><span style=\"font-weight: 400;\">Com a miss\u00e3o de aprimorar a sa\u00fade vascular de forma humanizada e respons\u00e1vel, a Angiomedi oferece servi\u00e7os inovadores e cuidados personalizados, mantendo um compromisso inabal\u00e1vel com a qualidade. Buscamos incessantemente a satisfa\u00e7\u00e3o de nossos clientes e colaboradores, enquanto cultivamos profundo respeito pela comunidade e pelo meio ambiente.<\/span><\/p>\n<\/div><\/div><\/div><\/div><\/div><div class=\"vc_col-sm-6 wpb_column vc_column_container\"><div class=\"vc_column-inner\"><div class=\"wpb_wrapper\"><div class=\"w-slider us_custom_04570ec2 style_none fit_cover has_border_radius\"><div class=\"w-slider-h\"><div class=\"royalSlider\"><div class=\"rsContent\"><a class=\"rsImg\" data-rsw=\"1024\" data-rsh=\"683\" data-rsBigImg=\"https:\/\/angiomedi.com.br\/home\/wp-content\/uploads\/2019\/05\/IMG_2975_FotoElianeDiscacciati.jpg\" href=\"https:\/\/angiomedi.com.br\/home\/wp-content\/uploads\/2019\/05\/IMG_2975_FotoElianeDiscacciati-1024x683.jpg\"><span data-alt=\"\"><\/span><\/a><\/div><div class=\"rsContent\"><a class=\"rsImg\" data-rsw=\"1024\" data-rsh=\"683\" data-rsBigImg=\"https:\/\/angiomedi.com.br\/home\/wp-content\/uploads\/2019\/05\/IMG_3053_FotoElianeDiscacciati.jpg\" href=\"https:\/\/angiomedi.com.br\/home\/wp-content\/uploads\/2019\/05\/IMG_3053_FotoElianeDiscacciati-1024x683.jpg\"><span data-alt=\"\"><\/span><\/a><\/div><div class=\"rsContent\"><a class=\"rsImg\" data-rsw=\"607\" data-rsh=\"819\" data-rsBigImg=\"https:\/\/angiomedi.com.br\/home\/wp-content\/uploads\/2019\/05\/IMG_3100_FotoElianeDiscacciati-e1465258768685.jpg\" href=\"https:\/\/angiomedi.com.br\/home\/wp-content\/uploads\/2019\/05\/IMG_3100_FotoElianeDiscacciati-e1465258768685.jpg\"><span data-alt=\"\"><\/span><\/a><\/div><div class=\"rsContent\"><a class=\"rsImg\" data-rsw=\"1024\" data-rsh=\"683\" data-rsBigImg=\"https:\/\/angiomedi.com.br\/home\/wp-content\/uploads\/2019\/05\/IMG_3187_FotoElianeDiscacciati.jpg\" href=\"https:\/\/angiomedi.com.br\/home\/wp-content\/uploads\/2019\/05\/IMG_3187_FotoElianeDiscacciati-1024x683.jpg\"><span data-alt=\"\"><\/span><\/a><\/div><div class=\"rsContent\"><a class=\"rsImg\" data-rsw=\"690\" data-rsh=\"809\" data-rsBigImg=\"https:\/\/angiomedi.com.br\/home\/wp-content\/uploads\/2019\/05\/IMG_3198_FotoElianeDiscacciati-e1465260176815.jpg\" href=\"https:\/\/angiomedi.com.br\/home\/wp-content\/uploads\/2019\/05\/IMG_3198_FotoElianeDiscacciati-e1465260176815.jpg\"><span data-alt=\"\"><\/span><\/a><\/div><div class=\"rsContent\"><a class=\"rsImg\" data-rsw=\"1024\" data-rsh=\"683\" data-rsBigImg=\"https:\/\/angiomedi.com.br\/home\/wp-content\/uploads\/2019\/05\/IMG_3226_FotoElianeDiscacciati.jpg\" href=\"https:\/\/angiomedi.com.br\/home\/wp-content\/uploads\/2019\/05\/IMG_3226_FotoElianeDiscacciati-1024x683.jpg\"><span data-alt=\"\"><\/span><\/a><\/div><div class=\"rsContent\"><a class=\"rsImg\" data-rsw=\"1024\" data-rsh=\"683\" data-rsBigImg=\"https:\/\/angiomedi.com.br\/home\/wp-content\/uploads\/2019\/05\/IMG_3751_FotoElianeDiscacciati.jpg\" href=\"https:\/\/angiomedi.com.br\/home\/wp-content\/uploads\/2019\/05\/IMG_3751_FotoElianeDiscacciati-1024x683.jpg\"><span data-alt=\"\"><\/span><\/a><\/div><div class=\"rsContent\"><a class=\"rsImg\" data-rsw=\"768\" data-rsh=\"1024\" data-rsBigImg=\"https:\/\/angiomedi.com.br\/home\/wp-content\/uploads\/2019\/08\/WhatsApp-Image-2019-08-21-at-11.14.47-AM.jpeg\" href=\"https:\/\/angiomedi.com.br\/home\/wp-content\/uploads\/2019\/08\/WhatsApp-Image-2019-08-21-at-11.14.47-AM-768x1024.jpeg\"><span data-alt=\"\"><\/span><\/a><\/div><div class=\"rsContent\"><a class=\"rsImg\" data-rsw=\"1024\" data-rsh=\"576\" data-rsBigImg=\"https:\/\/angiomedi.com.br\/home\/wp-content\/uploads\/2021\/03\/Angiomed-1.jpg\" href=\"https:\/\/angiomedi.com.br\/home\/wp-content\/uploads\/2021\/03\/Angiomed-1-1024x576.jpg\"><span data-alt=\"\"><\/span><\/a><\/div><div class=\"rsContent\"><a class=\"rsImg\" data-rsw=\"1024\" data-rsh=\"576\" data-rsBigImg=\"https:\/\/angiomedi.com.br\/home\/wp-content\/uploads\/2021\/03\/Angiomed-recep\u00e7\u00e3o.jpg\" href=\"https:\/\/angiomedi.com.br\/home\/wp-content\/uploads\/2021\/03\/Angiomed-recep\u00e7\u00e3o-1024x576.jpg\"><span data-alt=\"\"><\/span><\/a><\/div><\/div><img decoding=\"async\" src=\"https:\/\/angiomedi.com.br\/home\/wp-content\/uploads\/2019\/05\/IMG_2975_FotoElianeDiscacciati-1024x683.jpg\" width=\"1024\" height=\"683\" alt loading=\"lazy\"><\/div><div class=\"w-slider-json\" onclick='return {&quot;autoScaleSlider&quot;:true,&quot;loop&quot;:true,&quot;fadeInLoadedSlide&quot;:false,&quot;slidesSpacing&quot;:0,&quot;imageScalePadding&quot;:0,&quot;numImagesToPreload&quot;:2,&quot;arrowsNav&quot;:true,&quot;arrowsNavAutoHide&quot;:false,&quot;transitionType&quot;:&quot;move&quot;,&quot;transitionSpeed&quot;:250,&quot;block&quot;:{&quot;moveEffect&quot;:&quot;none&quot;,&quot;speed&quot;:300},&quot;thumbs&quot;:{&quot;fitInViewport&quot;:false},&quot;controlNavigation&quot;:&quot;bullets&quot;,&quot;autoplay&quot;:{&quot;enabled&quot;:true,&quot;pauseOnHover&quot;:true,&quot;delay&quot;:4000},&quot;fullscreen&quot;:{&quot;enabled&quot;:true},&quot;imageScaleMode&quot;:&quot;fill&quot;,&quot;autoScaleSliderWidth&quot;:1024,&quot;autoScaleSliderHeight&quot;:683}'><\/div><\/div><\/div><\/div><\/div><\/div><\/div><\/div><\/div><\/div><\/div><\/section><section class=\"l-section wpb_row height_medium color_alternate\"><div class=\"l-section-h i-cf\"><div class=\"g-cols vc_row via_flex valign_top type_default stacking_default\"><div class=\"vc_col-sm-12 wpb_column vc_column_container\"><div class=\"vc_column-inner\"><div class=\"wpb_wrapper\"><div class=\"g-cols wpb_row via_flex valign_middle type_default stacking_default\"><div class=\"vc_col-sm-3 wpb_column vc_column_container\"><div class=\"vc_column-inner\"><div class=\"wpb_wrapper\"><div class=\"w-image align_center\"><div class=\"w-image-h\"><img loading=\"lazy\" decoding=\"async\" width=\"200\" height=\"200\" src=\"https:\/\/angiomedi.com.br\/home\/wp-content\/uploads\/2024\/02\/missao-200x200.png\" class=\"attachment-us_200_200 size-us_200_200\" alt=\"\" srcset=\"https:\/\/angiomedi.com.br\/home\/wp-content\/uploads\/2024\/02\/missao-200x200.png 200w, https:\/\/angiomedi.com.br\/home\/wp-content\/uploads\/2024\/02\/missao-150x150.png 150w, https:\/\/angiomedi.com.br\/home\/wp-content\/uploads\/2024\/02\/missao-170x170.png 170w, https:\/\/angiomedi.com.br\/home\/wp-content\/uploads\/2024\/02\/missao.png 250w\" sizes=\"auto, (max-width: 200px) 100vw, 200px\" \/><\/div><\/div><\/div><\/div><\/div><div class=\"vc_col-sm-9 wpb_column vc_column_container\"><div class=\"vc_column-inner\"><div class=\"wpb_wrapper\"><div class=\"wpb_text_column\"><div class=\"wpb_wrapper\"><h2><b>Miss\u00e3o:<\/b><\/h2>\n<p style=\"text-align: justify;\"><span style=\"font-weight: 400;\">Contribuir para a excel\u00eancia na sa\u00fade vascular, oferecendo servi\u00e7os especializados de preven\u00e7\u00e3o, diagn\u00f3stico e tratamento, pautados na humaniza\u00e7\u00e3o, responsabilidade e tecnologia de ponta, visando o bem-estar duradouro de nossos pacientes.<\/span><\/p>\n<\/div><\/div><\/div><\/div><\/div><\/div><\/div><\/div><\/div><\/div><\/div><\/section><section class=\"l-section wpb_row height_medium\"><div class=\"l-section-h i-cf\"><div class=\"g-cols vc_row via_flex valign_top type_default stacking_default\"><div class=\"vc_col-sm-12 wpb_column vc_column_container\"><div class=\"vc_column-inner\"><div class=\"wpb_wrapper\"><div class=\"g-cols wpb_row via_flex valign_middle type_default stacking_default\"><div class=\"vc_col-sm-3 wpb_column vc_column_container\"><div class=\"vc_column-inner\"><div class=\"wpb_wrapper\"><div class=\"w-image align_center\"><div class=\"w-image-h\"><img loading=\"lazy\" decoding=\"async\" width=\"200\" height=\"200\" src=\"https:\/\/angiomedi.com.br\/home\/wp-content\/uploads\/2024\/02\/visao-200x200.png\" class=\"attachment-us_200_200 size-us_200_200\" alt=\"\" srcset=\"https:\/\/angiomedi.com.br\/home\/wp-content\/uploads\/2024\/02\/visao-200x200.png 200w, https:\/\/angiomedi.com.br\/home\/wp-content\/uploads\/2024\/02\/visao-150x150.png 150w, https:\/\/angiomedi.com.br\/home\/wp-content\/uploads\/2024\/02\/visao-170x170.png 170w, https:\/\/angiomedi.com.br\/home\/wp-content\/uploads\/2024\/02\/visao.png 250w\" sizes=\"auto, (max-width: 200px) 100vw, 200px\" \/><\/div><\/div><\/div><\/div><\/div><div class=\"vc_col-sm-9 wpb_column vc_column_container\"><div class=\"vc_column-inner\"><div class=\"wpb_wrapper\"><div class=\"wpb_text_column\"><div class=\"wpb_wrapper\"><h2 style=\"text-align: justify;\"><b>Vis\u00e3o:<\/b><\/h2>\n<p style=\"text-align: justify;\"><span style=\"font-weight: 400;\">Ser reconhecida como refer\u00eancia em sa\u00fade vascular em Bras\u00edlia, destacando-se pela inova\u00e7\u00e3o, personaliza\u00e7\u00e3o e qualidade dos cuidados oferecidos, enquanto mantemos o compromisso com a satisfa\u00e7\u00e3o de nossos clientes e colaboradores, e o respeito cont\u00ednuo pela comunidade e pelo meio ambiente.<\/span><\/p>\n<\/div><\/div><\/div><\/div><\/div><\/div><\/div><\/div><\/div><\/div><\/div><\/section><section class=\"l-section wpb_row height_medium color_alternate\"><div class=\"l-section-h i-cf\"><div class=\"g-cols vc_row via_flex valign_middle type_default stacking_default\"><div class=\"vc_col-sm-3 wpb_column vc_column_container\"><div class=\"vc_column-inner\"><div class=\"wpb_wrapper\"><div class=\"w-image align_center\"><div class=\"w-image-h\"><img loading=\"lazy\" decoding=\"async\" width=\"250\" height=\"251\" src=\"https:\/\/angiomedi.com.br\/home\/wp-content\/uploads\/2024\/02\/valores.png\" class=\"attachment-full size-full\" alt=\"\" srcset=\"https:\/\/angiomedi.com.br\/home\/wp-content\/uploads\/2024\/02\/valores.png 250w, https:\/\/angiomedi.com.br\/home\/wp-content\/uploads\/2024\/02\/valores-150x150.png 150w, https:\/\/angiomedi.com.br\/home\/wp-content\/uploads\/2024\/02\/valores-170x170.png 170w, https:\/\/angiomedi.com.br\/home\/wp-content\/uploads\/2024\/02\/valores-200x200.png 200w\" sizes=\"auto, (max-width: 250px) 100vw, 250px\" \/><\/div><\/div><\/div><\/div><\/div><div class=\"vc_col-sm-9 wpb_column vc_column_container\"><div class=\"vc_column-inner\"><div class=\"wpb_wrapper\"><div class=\"g-cols wpb_row via_flex valign_middle type_default stacking_default\"><div class=\"vc_col-sm-12 wpb_column vc_column_container\"><div class=\"vc_column-inner\"><div class=\"wpb_wrapper\"><div class=\"wpb_text_column\"><div class=\"wpb_wrapper\"><h2 style=\"text-align: left;\">Valores<\/h2>\n<\/div><\/div><\/div><\/div><\/div><\/div><div class=\"w-separator size_small\"><\/div><div class=\"g-cols wpb_row via_flex valign_middle type_default stacking_default\"><div class=\"vc_col-sm-6 wpb_column vc_column_container\"><div class=\"vc_column-inner\"><div class=\"wpb_wrapper\"><div class=\"wpb_text_column\"><div class=\"wpb_wrapper\"><p style=\"text-align: justify;\"><i class=\"fal fa-check-circle\"><\/i><b> Excel\u00eancia cl\u00ednica: <\/b><span style=\"font-weight: 400;\">Comprometemo-nos com a busca constante pela excel\u00eancia nos servi\u00e7os, apoiados em pr\u00e1ticas cl\u00ednicas avan\u00e7adas e atualiza\u00e7\u00f5es cont\u00ednuas.<\/span><\/p>\n<p style=\"text-align: justify;\"><i class=\"fal fa-check-circle\"><\/i><b> Humaniza\u00e7\u00e3o e responsabilidade: <\/b><span style=\"font-weight: 400;\">Colocamos a humaniza\u00e7\u00e3o e a responsabilidade no centro de nossas a\u00e7\u00f5es, tratando cada paciente com empatia, respeito e cuidado \u00e9tico.<\/span><\/p>\n<p style=\"text-align: justify;\"><i class=\"fal fa-check-circle\"><\/i><b> Inova\u00e7\u00e3o e tecnologia: <\/b><span style=\"font-weight: 400;\">Valorizamos a inova\u00e7\u00e3o e a aplica\u00e7\u00e3o de tecnologias de \u00faltima gera\u00e7\u00e3o para proporcionar tratamentos eficazes e avan\u00e7ados.<\/span><\/p>\n<\/div><\/div><\/div><\/div><\/div><div class=\"vc_col-sm-6 wpb_column vc_column_container\"><div class=\"vc_column-inner\"><div class=\"wpb_wrapper\"><div class=\"wpb_text_column\"><div class=\"wpb_wrapper\"><p style=\"text-align: justify;\"><i class=\"fal fa-check-circle\"><\/i><b> Personaliza\u00e7\u00e3o do cuidado: <\/b>Reconhecemos a individualidade de cada paciente, personalizando nossos cuidados para atender \u00e0s suas necessidades espec\u00edficas.<\/p>\n<p style=\"text-align: justify;\"><i class=\"fal fa-check-circle\"><\/i><b> Compromisso com a qualidade: <\/b><span style=\"font-weight: 400;\">Mantemos um compromisso inabal\u00e1vel com a qualidade, desde o atendimento ao cliente at\u00e9 a entrega de resultados cl\u00ednicos positivos.<\/span><\/p>\n<\/div><\/div><\/div><\/div><\/div><\/div><\/div><\/div><\/div><\/div><\/div><\/section>\n","protected":false},"excerpt":{"rendered":"Angiologia e Cirurgia Vascular na Asa Sul Fundada em 2003, a Cl\u00ednica Angiomedi surgiu com o prop\u00f3sito de se consolidar como um centro m\u00e9dico especializado em sa\u00fade vascular, dedicado \u00e0 preven\u00e7\u00e3o, diagn\u00f3stico e tratamento dos transtornos circulat\u00f3rios. Nossa prioridade \u00e9 disponibilizar tecnologia de \u00faltima gera\u00e7\u00e3o em prol da sa\u00fade do cliente. O Dr. Ant\u00f4nio Carlos...","protected":false},"author":1,"featured_media":0,"parent":0,"menu_order":0,"comment_status":"closed","ping_status":"closed","template":"","meta":{"footnotes":""},"class_list":["post-103","page","type-page","status-publish","hentry"],"_links":{"self":[{"href":"https:\/\/angiomedi.com.br\/home\/wp-json\/wp\/v2\/pages\/103","targetHints":{"allow":["GET"]}}],"collection":[{"href":"https:\/\/angiomedi.com.br\/home\/wp-json\/wp\/v2\/pages"}],"about":[{"href":"https:\/\/angiomedi.com.br\/home\/wp-json\/wp\/v2\/types\/page"}],"author":[{"embeddable":true,"href":"https:\/\/angiomedi.com.br\/home\/wp-json\/wp\/v2\/users\/1"}],"replies":[{"embeddable":true,"href":"https:\/\/angiomedi.com.br\/home\/wp-json\/wp\/v2\/comments?post=103"}],"version-history":[{"count":19,"href":"https:\/\/angiomedi.com.br\/home\/wp-json\/wp\/v2\/pages\/103\/revisions"}],"predecessor-version":[{"id":29195,"href":"https:\/\/angiomedi.com.br\/home\/wp-json\/wp\/v2\/pages\/103\/revisions\/29195"}],"wp:attachment":[{"href":"https:\/\/angiomedi.com.br\/home\/wp-json\/wp\/v2\/media?parent=103"}],"curies":[{"name":"wp","href":"https:\/\/api.w.org\/{rel}","templated":true}]}}