{"id":24757,"date":"2020-06-29T10:59:14","date_gmt":"2020-06-29T13:59:14","guid":{"rendered":"https:\/\/angiomedi.com.br\/home\/?page_id=24757"},"modified":"2024-02-05T21:04:45","modified_gmt":"2024-02-06T00:04:45","slug":"termos-de-uso","status":"publish","type":"page","link":"https:\/\/angiomedi.com.br\/home\/termos-de-uso\/","title":{"rendered":"Termos de uso"},"content":{"rendered":"<section class=\"l-section wpb_row height_medium\"><div class=\"l-section-h i-cf\"><div class=\"g-cols vc_row via_flex valign_top type_default stacking_default\"><div class=\"vc_col-sm-12 wpb_column vc_column_container\"><div class=\"vc_column-inner\"><div class=\"wpb_wrapper\"><div class=\"g-cols wpb_row via_flex valign_top type_default stacking_default\"><div class=\"vc_col-sm-12 wpb_column vc_column_container\"><div class=\"vc_column-inner\"><div class=\"wpb_wrapper\"><div class=\"wpb_text_column\"><div class=\"wpb_wrapper\"><h2><strong>Termos de uso<\/strong><\/h2>\n<h4><b>1. Contrato<\/b><\/h4>\n<p style=\"text-align: justify;\">Ao acessar qualquer conte\u00fado deste site ou usar qualquer um dos nossos servi\u00e7os, voc\u00ea estar\u00e1 celebrando um contrato vinculativo com a seguinte pessoa jur\u00eddica:<\/p>\n<p><strong>Nome:<\/strong> CL\u00cdNICA ANGIOMEDI S\/C LTDA<br \/>\n<strong>Endere\u00e7o:<\/strong> SGAS 607, Centro Cl\u00ednico Metr\u00f3polis, Sala 115, Asa Sul, Bras\u00edlia-DF, 70.200-670<br \/>\n<strong>CNPJ:<\/strong> 05.270.535\/0001-04<\/p>\n<h4><b>2. Uso<\/b><\/h4>\n<p style=\"text-align: justify;\">As informa\u00e7\u00f5es contidas neste site t\u00eam car\u00e1ter meramente informativo e educacional e n\u00e3o devem ser utilizadas para autodiagn\u00f3stico ou automedica\u00e7\u00e3o. Em caso de d\u00favidas, consulte seu m\u00e9dico, porque somente ele est\u00e1 habilitado a realizar a formula\u00e7\u00e3o do diagn\u00f3stico nosol\u00f3gico e a respectiva prescri\u00e7\u00e3o terap\u00eautica.<\/p>\n<p style=\"text-align: justify;\">\u200bDurante a visita, o usu\u00e1rio poder\u00e1 ser requisitado a fornecer informa\u00e7\u00f5es em formul\u00e1rios ou por meio de cookies. Ao concordar, voc\u00ea garante que as informa\u00e7\u00f5es prestadas ser\u00e3o verdadeiras, atuais e completas e nos autoriza a utilizar os dados coletados segundo a Lei Geral de Prote\u00e7\u00e3o de Dados Pessoais, de 14 de agosto de 2018 (<a href=\"http:\/\/www.planalto.gov.br\/ccivil_03\/_ato2015-2018\/2018\/lei\/L13709.htm\">Lei N.\u00ba 13.709\/18<\/a>).<\/p>\n<h4>\u200b<b>3. Responsabilidades<\/b><\/h4>\n<p style=\"text-align: justify;\">A Angiomedi far\u00e1 o poss\u00edvel para assegurar que as informa\u00e7\u00f5es deste site estejam atualizadas, precisas e completas. Entretanto, em nenhuma circunst\u00e2ncia n\u00f3s poderemos ser responsabilizados por fatos eivados de dolo quanto \u00e0 integridade, atualidade e exatid\u00e3o de tais informa\u00e7\u00f5es.<\/p>\n<p style=\"text-align: justify;\">\u200bN\u00f3s n\u00e3o podemos garantir que o acesso ao site seja livre de erros ou problemas decorrentes de casos fortuitos, internos ou externos, casos de for\u00e7a maior ou por outros casos n\u00e3o inteiramente sujeitos ao nosso controle direto. Em tais hip\u00f3teses, voc\u00ea declara e se obriga a isentar a Angiomedi de quaisquer reclama\u00e7\u00f5es referentes a interrup\u00e7\u00f5es, intercepta\u00e7\u00f5es, invas\u00f5es, dissemina\u00e7\u00e3o de v\u00edrus e outros atos il\u00edcitos.<\/p>\n<p style=\"text-align: justify;\">Eventualmente, a Angiomedi poder\u00e1 disponibilizar links de acesso para outros sites. N\u00f3s n\u00e3o teremos qualquer responsabilidade pelos servi\u00e7os ou funcionalidades de terceiros. Voc\u00ea concorda, ainda, que n\u00e3o \u00e9 dever da Angiomedi fiscalizar o conte\u00fado de tais outros sites. O site tamb\u00e9m poder\u00e1 conter not\u00edcias escritas por terceiros. Nesses casos, n\u00f3s n\u00e3o nos responsabilizamos pela exatid\u00e3o e autoria desses materiais.<\/p>\n<p><b>4. Propriedades<\/b><\/p>\n<p style=\"text-align: justify;\">Voc\u00ea concorda que todos os textos, imagens, v\u00eddeos, informa\u00e7\u00f5es, \u00edcones, softwares, \u00e1udios, logotipos, designs, c\u00f3digos de computador e outros conte\u00fados contidos neste site s\u00e3o de nossa propriedade exclusiva e est\u00e3o protegidos pelas leis de direitos autorais, marcas e outras.<\/p>\n<p style=\"text-align: justify;\">Voc\u00ea n\u00e3o dever\u00e1 reproduzir, modificar, compilar, descompilar, transmitir, publicar, sublicenciar, alugar, vender ou distribuir, no todo ou em parte, qualquer conte\u00fado deste site sem nossa pr\u00e9via autoriza\u00e7\u00e3o por escrito.<\/p>\n<p style=\"text-align: justify;\">Voc\u00ea garante que n\u00e3o registrar\u00e1 nomes de dom\u00ednio na internet, perante quaisquer entidades, contendo marcas e nomes da Angiomedi. Voc\u00ea se compromete a respeitar a nossa marca, n\u00e3o devendo utiliz\u00e1-la sem pr\u00e9via autoriza\u00e7\u00e3o por escrito da empresa nem praticar atos que possam denegri-la.<\/p>\n<p><b><br \/>\n5. Altera\u00e7\u00f5es na pol\u00edtica de privacidade<\/b><\/p>\n<p style=\"text-align: justify;\">Reservamos o direito de modificar estes termos para melhorar nosso servi\u00e7o, acrescentar novas solu\u00e7\u00f5es e realizar ajustes t\u00e9cnicos. Dessa forma, pedimos que os revise com frequ\u00eancia. Caso autorize, podemos avis\u00e1-lo por e-mail sobre as altera\u00e7\u00f5es realizadas.<\/p>\n<p style=\"text-align: justify;\">A data de atualiza\u00e7\u00e3o se encontrar\u00e1 sempre no cabe\u00e7alho desta p\u00e1gina, e as vers\u00f5es anteriores podem ser acessadas no mesmo local ou solicitadas pelo e-mail <a href=\"mailto:atendimento@agenciarizzo.com.br\">atendimento@agenciarizzo.com.br<\/a>.<\/p>\n<h4><b>6. Legisla\u00e7\u00e3o e jurisdi\u00e7\u00e3o<\/b><\/h4>\n<p style=\"text-align: justify;\">Este termo de uso ser\u00e1 regido pelas leis brasileiras e suas controv\u00e9rsias dever\u00e3o ser solucionadas entre o usu\u00e1rio e a Angiomedi no Foro de Bras\u00edlia (DF), com expressa ren\u00fancia a qualquer outro, por mais privilegiado que seja.<\/p>\n<p style=\"text-align: justify;\">\u00a0Ao navegar neste site, o usu\u00e1rio ter\u00e1 aceito explicitamente todos os termos de uso aqui estabelecidos. Se voc\u00ea n\u00e3o concordar com estas condi\u00e7\u00f5es, pedimos, por gentileza, que interrompa seu acesso.<\/p>\n<\/div><\/div><\/div><\/div><\/div><\/div><\/div><\/div><\/div><\/div><\/div><\/section><section class=\"l-section wpb_row height_medium\"><div class=\"l-section-h i-cf\"><div class=\"g-cols vc_row via_flex valign_top type_default stacking_default\"><div class=\"vc_col-sm-12 wpb_column vc_column_container\"><div class=\"vc_column-inner\"><div class=\"wpb_wrapper\"><div class=\"wpb_text_column\"><div class=\"wpb_wrapper\"><h4><b>1. Contrato<\/b><\/h4>\n<p><span style=\"font-weight: 400;\">Ao acessar qualquer conte\u00fado deste site ou usar qualquer um dos nossos servi\u00e7os, voc\u00ea estar\u00e1 celebrando um contrato vinculativo com a seguinte pessoa jur\u00eddica:\u00a0<\/span><\/p>\n<p><span style=\"font-weight: 400;\">Nome: CL\u00cdNICA ANGIOMEDI S\/C LTDA<\/span><\/p>\n<p><span style=\"font-weight: 400;\">Endere\u00e7o: SGAS 607, Centro Cl\u00ednico Metr\u00f3polis, Sala 115, Asa Sul, Bras\u00edlia-DF, 70.200-670<\/span><\/p>\n<p><span style=\"font-weight: 400;\">CNPJ: 05.270.535\/0001-04<\/span><\/p>\n<p>&nbsp;<\/p>\n<hr \/>\n<h4><b>2. Uso<\/b><\/h4>\n<p><span style=\"font-weight: 400;\">As informa\u00e7\u00f5es contidas neste site t\u00eam car\u00e1ter meramente informativo e educacional e n\u00e3o devem ser utilizadas para autodiagn\u00f3stico ou automedica\u00e7\u00e3o. Em caso de d\u00favidas, consulte seu m\u00e9dico, porque somente ele est\u00e1 habilitado a realizar a formula\u00e7\u00e3o do diagn\u00f3stico nosol\u00f3gico e a respectiva prescri\u00e7\u00e3o terap\u00eautica.<\/span><\/p>\n<p><span style=\"font-weight: 400;\">\u200b<\/span><span style=\"font-weight: 400;\">Durante a visita, o usu\u00e1rio poder\u00e1 ser requisitado a fornecer informa\u00e7\u00f5es em formul\u00e1rios ou por meio de cookies. Ao concordar, voc\u00ea garante que as informa\u00e7\u00f5es prestadas ser\u00e3o verdadeiras, atuais e completas e nos autoriza a utilizar os dados coletados segundo a Lei Geral de Prote\u00e7\u00e3o de Dados Pessoais, de 14 de agosto de 2018 (<\/span><a href=\"http:\/\/www.planalto.gov.br\/ccivil_03\/_ato2015-2018\/2018\/lei\/L13709.htm\"><span style=\"font-weight: 400;\">Lei N.\u00ba 13.709\/18<\/span><\/a><span style=\"font-weight: 400;\">).<\/span><\/p>\n<p>&nbsp;<\/p>\n<hr \/>\n<h4><span style=\"font-weight: 400;\">\u200b<\/span><b>3. Responsabilidades<\/b><\/h4>\n<p><span style=\"font-weight: 400;\">A Angiomedi far\u00e1 o poss\u00edvel para assegurar que as informa\u00e7\u00f5es deste site estejam atualizadas, precisas e completas. Entretanto, em nenhuma circunst\u00e2ncia n\u00f3s poderemos ser responsabilizados por fatos eivados de dolo quanto \u00e0 integridade, atualidade e exatid\u00e3o de tais informa\u00e7\u00f5es.<\/span><\/p>\n<p><span style=\"font-weight: 400;\">\u200b<\/span><span style=\"font-weight: 400;\">N\u00f3s n\u00e3o podemos garantir que o acesso ao site seja livre de erros ou problemas decorrentes de casos fortuitos, internos ou externos, casos de for\u00e7a maior ou por outros casos n\u00e3o inteiramente sujeitos ao nosso controle direto. Em tais hip\u00f3teses, voc\u00ea declara e se obriga a isentar a Angiomedi de quaisquer reclama\u00e7\u00f5es referentes a interrup\u00e7\u00f5es, intercepta\u00e7\u00f5es, invas\u00f5es, dissemina\u00e7\u00e3o de v\u00edrus e outros atos il\u00edcitos.<\/span><\/p>\n<p><span style=\"font-weight: 400;\">Eventualmente, a Angiomedi poder\u00e1 disponibilizar links de acesso para outros sites. N\u00f3s n\u00e3o teremos qualquer responsabilidade pelos servi\u00e7os ou funcionalidades de terceiros. Voc\u00ea concorda, ainda, que n\u00e3o \u00e9 dever da Angiomedi fiscalizar o conte\u00fado de tais outros sites. O site tamb\u00e9m poder\u00e1 conter not\u00edcias escritas por terceiros. Nesses casos, n\u00f3s n\u00e3o nos responsabilizamos pela exatid\u00e3o e autoria desses materiais.<\/span><\/p>\n<p>&nbsp;<\/p>\n<hr \/>\n<p><span style=\"font-weight: 400;\">\u200b<br \/>\n<\/span><b style=\"font-size: 24px; letter-spacing: 0px;\">4. Propriedades<\/b><\/p>\n<p><span style=\"font-weight: 400;\">Voc\u00ea concorda que todos os textos, imagens, v\u00eddeos, informa\u00e7\u00f5es, \u00edcones, softwares, \u00e1udios, logotipos, designs, c\u00f3digos de computador e outros conte\u00fados contidos neste site s\u00e3o de nossa propriedade exclusiva e est\u00e3o protegidos pelas leis de direitos autorais, marcas e outras.\u00a0<\/span><\/p>\n<p><span style=\"font-weight: 400;\">Voc\u00ea n\u00e3o dever\u00e1 reproduzir, modificar, compilar, descompilar, transmitir, publicar, sublicenciar, alugar, vender ou distribuir, no todo ou em parte, qualquer conte\u00fado deste site sem nossa pr\u00e9via autoriza\u00e7\u00e3o por escrito.<\/span><\/p>\n<p><span style=\"font-weight: 400;\">Voc\u00ea garante que n\u00e3o registrar\u00e1 nomes de dom\u00ednio na internet, perante quaisquer entidades, contendo marcas e nomes da Angiomedi. Voc\u00ea se compromete a respeitar a nossa marca, n\u00e3o devendo utiliz\u00e1-la sem pr\u00e9via autoriza\u00e7\u00e3o por escrito da empresa nem praticar atos que possam denegri-la.<\/span><\/p>\n<p>&nbsp;<\/p>\n<hr \/>\n<p><b style=\"font-size: 24px; letter-spacing: 0px;\"><br \/>\n5. Altera\u00e7\u00f5es na pol\u00edtica de privacidade<\/b><\/p>\n<p>Reservamos o direito de modificar estes termos para melhorar nosso servi\u00e7o, acrescentar novas solu\u00e7\u00f5es e realizar ajustes t\u00e9cnicos. Dessa forma, pedimos que os revise com frequ\u00eancia. Caso autorize, podemos avis\u00e1-lo por e-mail sobre as altera\u00e7\u00f5es realizadas.<\/p>\n<p><span style=\"font-weight: 400;\">A data de atualiza\u00e7\u00e3o se encontrar\u00e1 sempre no cabe\u00e7alho desta p\u00e1gina, e as vers\u00f5es anteriores podem ser acessadas no mesmo local ou solicitadas pelo e-mail atendimento@agenciarizzo.com.br.\u00a0<\/span><\/p>\n<p>&nbsp;<\/p>\n<hr \/>\n<h4><b>6. Legisla\u00e7\u00e3o e jurisdi\u00e7\u00e3o<\/b><\/h4>\n<p><span style=\"font-weight: 400;\">Este termo de uso ser\u00e1 regido pelas leis brasileiras e suas controv\u00e9rsias dever\u00e3o ser solucionadas entre o usu\u00e1rio e a Angiomedi no Foro de Bras\u00edlia (DF), com expressa ren\u00fancia a qualquer outro, por mais privilegiado que seja.<\/span><\/p>\n<p><span style=\"font-weight: 400;\">\u00a0<\/span><span style=\"font-weight: 400;\">Ao navegar neste site, o usu\u00e1rio ter\u00e1 aceito explicitamente todos os termos de uso aqui estabelecidos. Se voc\u00ea n\u00e3o concordar com estas condi\u00e7\u00f5es, pedimos, por gentileza, que interrompa seu acesso.<\/span><\/p>\n<\/div><\/div><\/div><\/div><\/div><\/div><\/div><\/section>\n","protected":false},"excerpt":{"rendered":"Termos de uso 1. Contrato Ao acessar qualquer conte\u00fado deste site ou usar qualquer um dos nossos servi\u00e7os, voc\u00ea estar\u00e1 celebrando um contrato vinculativo com a seguinte pessoa jur\u00eddica: Nome: CL\u00cdNICA ANGIOMEDI S\/C LTDA Endere\u00e7o: SGAS 607, Centro Cl\u00ednico Metr\u00f3polis, Sala 115, Asa Sul, Bras\u00edlia-DF, 70.200-670 CNPJ: 05.270.535\/0001-04 2. Uso As informa\u00e7\u00f5es contidas neste site...","protected":false},"author":1,"featured_media":0,"parent":0,"menu_order":0,"comment_status":"closed","ping_status":"closed","template":"","meta":{"footnotes":""},"class_list":["post-24757","page","type-page","status-publish","hentry"],"_links":{"self":[{"href":"https:\/\/angiomedi.com.br\/home\/wp-json\/wp\/v2\/pages\/24757","targetHints":{"allow":["GET"]}}],"collection":[{"href":"https:\/\/angiomedi.com.br\/home\/wp-json\/wp\/v2\/pages"}],"about":[{"href":"https:\/\/angiomedi.com.br\/home\/wp-json\/wp\/v2\/types\/page"}],"author":[{"embeddable":true,"href":"https:\/\/angiomedi.com.br\/home\/wp-json\/wp\/v2\/users\/1"}],"replies":[{"embeddable":true,"href":"https:\/\/angiomedi.com.br\/home\/wp-json\/wp\/v2\/comments?post=24757"}],"version-history":[{"count":6,"href":"https:\/\/angiomedi.com.br\/home\/wp-json\/wp\/v2\/pages\/24757\/revisions"}],"predecessor-version":[{"id":29247,"href":"https:\/\/angiomedi.com.br\/home\/wp-json\/wp\/v2\/pages\/24757\/revisions\/29247"}],"wp:attachment":[{"href":"https:\/\/angiomedi.com.br\/home\/wp-json\/wp\/v2\/media?parent=24757"}],"curies":[{"name":"wp","href":"https:\/\/api.w.org\/{rel}","templated":true}]}}