{"id":29005,"date":"2024-01-31T11:30:51","date_gmt":"2024-01-31T14:30:51","guid":{"rendered":"https:\/\/angiomedi.com.br\/home\/?page_id=29005"},"modified":"2024-02-02T12:14:12","modified_gmt":"2024-02-02T15:14:12","slug":"dr-antonio-carlos-de-souza","status":"publish","type":"page","link":"https:\/\/angiomedi.com.br\/home\/dr-antonio-carlos-de-souza\/","title":{"rendered":"Dr. Antonio Carlos de Souza"},"content":{"rendered":"<section class=\"l-section wpb_row height_huge\"><div class=\"l-section-h i-cf\"><div class=\"g-cols vc_row via_flex valign_top type_default stacking_default\"><div class=\"vc_col-sm-12 wpb_column vc_column_container\"><div class=\"vc_column-inner\"><div class=\"wpb_wrapper\"><div class=\"g-cols wpb_row via_flex valign_middle type_default stacking_default\"><div class=\"vc_col-sm-6 wpb_column vc_column_container\"><div class=\"vc_column-inner\"><div class=\"wpb_wrapper\"><div class=\"wpb_text_column\"><div class=\"wpb_wrapper\"><h2 style=\"text-align: justify;\"><b>Angiologista e Cirurgi\u00e3o Vascular<\/b><\/h2>\n<p style=\"text-align: justify;\">CRM-DF 8057; RQE 2690<\/p>\n<p style=\"text-align: left;\"><i class=\"fas fa-dot-circle\"><\/i>Gradua\u00e7\u00e3o em Medicina pela Universidade de Bras\u00edlia (1992).<br \/>\n<i class=\"fas fa-dot-circle\"><\/i>Resid\u00eancia M\u00e9dica em Cirurgia Geral pelo Hospital das Cl\u00ednicas da Faculdade de Medicina da USP-RP.<br \/>\n<i class=\"fas fa-dot-circle\"><\/i>Resid\u00eancia M\u00e9dica em Cirurgia Vascular Perif\u00e9rica e Angiologia pelo Hospital das Cl\u00ednicas da Faculdade de Medicina de Ribeir\u00e3o Preto \u2013 USP.<br \/>\n<i class=\"fas fa-dot-circle\"><\/i>Especialista em Cirurgia Vascular Perif\u00e9rica e Angiologia pela SBACV.<br \/>\n<i class=\"fas fa-dot-circle\"><\/i>Especialista em Cirurgia Vascular Perif\u00e9rica pelo Conselho Federal de Medicina.<br \/>\n<i class=\"fas fa-dot-circle\"><\/i>Especialista em Cirurgia Geral pelo Col\u00e9gio Brasileiro de Cirurgi\u00f5es.<br \/>\n<i class=\"fas fa-dot-circle\"><\/i>Membro da ISES \u2013 International Society of Endovascular Especialists.<br \/>\n<i class=\"fas fa-dot-circle\"><\/i>Membro da Sociedade Brasileira de Angiologia e de Cirurgia Vascular.<br \/>\n<i class=\"fas fa-dot-circle\"><\/i>Membro da Sociedade Brasileira de Laser em Medicina e Cirurgia.<br \/>\n<i class=\"fas fa-dot-circle\"><\/i>Atualmente \u00e9 especialista em angiologia da cl\u00ednica Angiomedi.<\/p>\n<\/div><\/div><div class=\"w-separator size_small\"><\/div><div class=\"w-btn-wrapper align_none\"><a class=\"w-btn us-btn-style_1\" href=\"http:\/\/lattes.cnpq.br\/6452696312101514\"><span class=\"w-btn-label\">Curr\u00edculo lattes<\/span><\/a><\/div><\/div><\/div><\/div><div class=\"vc_col-sm-6 wpb_column vc_column_container\"><div class=\"vc_column-inner\"><div class=\"wpb_wrapper\"><div class=\"w-image us_custom_04570ec2 align_none\"><div class=\"w-image-h\"><img loading=\"lazy\" decoding=\"async\" width=\"502\" height=\"444\" src=\"https:\/\/angiomedi.com.br\/home\/wp-content\/uploads\/2021\/03\/Dr.-Antonio.jpg\" class=\"attachment-large size-large\" alt=\"\" srcset=\"https:\/\/angiomedi.com.br\/home\/wp-content\/uploads\/2021\/03\/Dr.-Antonio.jpg 502w, https:\/\/angiomedi.com.br\/home\/wp-content\/uploads\/2021\/03\/Dr.-Antonio-300x265.jpg 300w\" sizes=\"auto, (max-width: 502px) 100vw, 502px\" \/><\/div><\/div><\/div><\/div><\/div><\/div><\/div><\/div><\/div><\/div><\/div><\/section>\n","protected":false},"excerpt":{"rendered":"Angiologista e Cirurgi\u00e3o Vascular CRM-DF 8057; RQE 2690 Gradua\u00e7\u00e3o em Medicina pela Universidade de Bras\u00edlia (1992). Resid\u00eancia M\u00e9dica em Cirurgia Geral pelo Hospital das Cl\u00ednicas da Faculdade de Medicina da USP-RP. Resid\u00eancia M\u00e9dica em Cirurgia Vascular Perif\u00e9rica e Angiologia pelo Hospital das Cl\u00ednicas da Faculdade de Medicina de Ribeir\u00e3o Preto \u2013 USP. Especialista em Cirurgia...","protected":false},"author":1,"featured_media":28998,"parent":0,"menu_order":0,"comment_status":"closed","ping_status":"closed","template":"","meta":{"footnotes":""},"class_list":["post-29005","page","type-page","status-publish","has-post-thumbnail","hentry"],"_links":{"self":[{"href":"https:\/\/angiomedi.com.br\/home\/wp-json\/wp\/v2\/pages\/29005","targetHints":{"allow":["GET"]}}],"collection":[{"href":"https:\/\/angiomedi.com.br\/home\/wp-json\/wp\/v2\/pages"}],"about":[{"href":"https:\/\/angiomedi.com.br\/home\/wp-json\/wp\/v2\/types\/page"}],"author":[{"embeddable":true,"href":"https:\/\/angiomedi.com.br\/home\/wp-json\/wp\/v2\/users\/1"}],"replies":[{"embeddable":true,"href":"https:\/\/angiomedi.com.br\/home\/wp-json\/wp\/v2\/comments?post=29005"}],"version-history":[{"count":7,"href":"https:\/\/angiomedi.com.br\/home\/wp-json\/wp\/v2\/pages\/29005\/revisions"}],"predecessor-version":[{"id":29156,"href":"https:\/\/angiomedi.com.br\/home\/wp-json\/wp\/v2\/pages\/29005\/revisions\/29156"}],"wp:featuredmedia":[{"embeddable":true,"href":"https:\/\/angiomedi.com.br\/home\/wp-json\/wp\/v2\/media\/28998"}],"wp:attachment":[{"href":"https:\/\/angiomedi.com.br\/home\/wp-json\/wp\/v2\/media?parent=29005"}],"curies":[{"name":"wp","href":"https:\/\/api.w.org\/{rel}","templated":true}]}}