{"id":29010,"date":"2024-01-31T11:38:32","date_gmt":"2024-01-31T14:38:32","guid":{"rendered":"https:\/\/angiomedi.com.br\/home\/?page_id=29010"},"modified":"2024-02-02T12:20:37","modified_gmt":"2024-02-02T15:20:37","slug":"dr-humberto-cesar-t-costa","status":"publish","type":"page","link":"https:\/\/angiomedi.com.br\/home\/dr-humberto-cesar-t-costa\/","title":{"rendered":"Dr. Humberto C\u00e9sar T. Costa"},"content":{"rendered":"<section class=\"l-section wpb_row height_huge\"><div class=\"l-section-h i-cf\"><div class=\"g-cols vc_row via_flex valign_top type_default stacking_default\"><div class=\"vc_col-sm-12 wpb_column vc_column_container\"><div class=\"vc_column-inner\"><div class=\"wpb_wrapper\"><div class=\"g-cols wpb_row via_flex valign_middle type_default stacking_default\"><div class=\"vc_col-sm-6 wpb_column vc_column_container\"><div class=\"vc_column-inner\"><div class=\"wpb_wrapper\"><div class=\"wpb_text_column\"><div class=\"wpb_wrapper\"><h2 style=\"text-align: justify;\"><b>Angiologista e Cirurgi\u00e3o Vascular<\/b><\/h2>\n<p style=\"text-align: justify;\">CRM-DF 13106; RQE 16415<\/p>\n<p style=\"text-align: justify;\"><i class=\"fas fa-dot-circle\"><\/i>Possui gradua\u00e7\u00e3o em Medicina pela Universidade Federal da Bahia (1993 | CRM-DF: 13106).<br \/>\n<i class=\"fas fa-dot-circle\"><\/i>Resid\u00eancia M\u00e9dica em Cirurgia Geral pelo Hospital Central Roberto Santos\/ SESAB, Salvador-BA (1996 | RQE: 5443).<br \/>\n<i class=\"fas fa-dot-circle\"><\/i>Resid\u00eancia M\u00e9dica em Cirurgia Vascular Perif\u00e9rica pelo Hospital Guilherme \u00c1lvaro\/ Hospital da Benefic\u00eancia Portuguesa de Santos-SP (2001 | RQE: 16415).<br \/>\n<i class=\"fas fa-dot-circle\"><\/i>Resid\u00eancia M\u00e9dica em Angiorradiologia e Cirurgia Endovascular pelo Hospital Guilherme \u00c1lvaro\/ Hospital da Benefic\u00eancia Portuguesa de Santos-SP (2003 | RQE: 5436).<br \/>\n<i class=\"fas fa-dot-circle\"><\/i>Al\u00e9m disso, possui o t\u00edtulo de Especialista em Cirurgia Vascular pela Sociedade Brasileira de Angiologia e de Cirurgia Vascular (2009). Especializa\u00e7\u00e3o em Acupuntura, feita no ano de 2021 (RQE: 20137)<\/p>\n<\/div><\/div><\/div><\/div><\/div><div class=\"vc_col-sm-6 wpb_column vc_column_container\"><div class=\"vc_column-inner\"><div class=\"wpb_wrapper\"><div class=\"w-image us_custom_04570ec2 align_none\"><div class=\"w-image-h\"><img loading=\"lazy\" decoding=\"async\" width=\"502\" height=\"444\" src=\"https:\/\/angiomedi.com.br\/home\/wp-content\/uploads\/2022\/02\/Dr.-Humberto-Costa-Angiomedi.jpg\" class=\"attachment-large size-large\" alt=\"\" srcset=\"https:\/\/angiomedi.com.br\/home\/wp-content\/uploads\/2022\/02\/Dr.-Humberto-Costa-Angiomedi.jpg 502w, https:\/\/angiomedi.com.br\/home\/wp-content\/uploads\/2022\/02\/Dr.-Humberto-Costa-Angiomedi-300x265.jpg 300w\" sizes=\"auto, (max-width: 502px) 100vw, 502px\" \/><\/div><\/div><\/div><\/div><\/div><\/div><div class=\"w-separator size_small\"><\/div><div class=\"g-cols wpb_row via_flex valign_top type_default stacking_default\"><div class=\"vc_col-sm-12 wpb_column vc_column_container\"><div class=\"vc_column-inner\"><div class=\"wpb_wrapper\"><div class=\"wpb_text_column\"><div class=\"wpb_wrapper\"><p style=\"text-align: justify;\">O Dr. Humberto tamb\u00e9m possui especializa\u00e7\u00e3o em Nutrologia pela Associa\u00e7\u00e3o Brasileira de Nutrologia (ABRAN) desde 2014; especializa\u00e7\u00e3o em Ci\u00eancias da Fisiologia Humana pelo grupo Longevidade Saud\u00e1vel (2014); especializa\u00e7\u00e3o em Bi-Digital O-Ring Test pela Associa\u00e7\u00e3o M\u00e9dica Brasileira do Bi-Digital O-Ring Test (BDORT) desde 2018; especializa\u00e7\u00e3o em Adequa\u00e7\u00e3o Nutricional e Manuten\u00e7\u00e3o da Homeostase feito com o Dr. Lair Ribeiro no ano de 2020 e especializa\u00e7\u00e3o em T\u00e9cnicas Biof\u00edsicas Aplicadas \u00e0 Sa\u00fade pela Nova Ci\u00eancia desde 2021.<\/p>\n<p style=\"text-align: justify;\">O Dr. Humberto concluiu seu curso de Medicina Funcional e Ortomolecular com Dr. Artur Lemos (2013) e tamb\u00e9m tem atua\u00e7\u00e3o m\u00e9dica em sa\u00fade preventiva e tratamento das doen\u00e7as circulat\u00f3rias, por meio da medicina integrativa e funcional.<\/p>\n<\/div><\/div><div class=\"w-separator size_small\"><\/div><div class=\"w-btn-wrapper align_none\"><a class=\"w-btn us-btn-style_1\" href=\"http:\/\/lattes.cnpq.br\/4573287084292982\"><span class=\"w-btn-label\">Curr\u00edculo lattes<\/span><\/a><\/div><\/div><\/div><\/div><\/div><\/div><\/div><\/div><\/div><\/div><\/section>\n","protected":false},"excerpt":{"rendered":"Angiologista e Cirurgi\u00e3o Vascular CRM-DF 13106; RQE 16415 Possui gradua\u00e7\u00e3o em Medicina pela Universidade Federal da Bahia (1993 | CRM-DF: 13106). Resid\u00eancia M\u00e9dica em Cirurgia Geral pelo Hospital Central Roberto Santos\/ SESAB, Salvador-BA (1996 | RQE: 5443). Resid\u00eancia M\u00e9dica em Cirurgia Vascular Perif\u00e9rica pelo Hospital Guilherme \u00c1lvaro\/ Hospital da Benefic\u00eancia Portuguesa de Santos-SP (2001 |...","protected":false},"author":1,"featured_media":28998,"parent":0,"menu_order":0,"comment_status":"closed","ping_status":"closed","template":"","meta":{"footnotes":""},"class_list":["post-29010","page","type-page","status-publish","has-post-thumbnail","hentry"],"_links":{"self":[{"href":"https:\/\/angiomedi.com.br\/home\/wp-json\/wp\/v2\/pages\/29010","targetHints":{"allow":["GET"]}}],"collection":[{"href":"https:\/\/angiomedi.com.br\/home\/wp-json\/wp\/v2\/pages"}],"about":[{"href":"https:\/\/angiomedi.com.br\/home\/wp-json\/wp\/v2\/types\/page"}],"author":[{"embeddable":true,"href":"https:\/\/angiomedi.com.br\/home\/wp-json\/wp\/v2\/users\/1"}],"replies":[{"embeddable":true,"href":"https:\/\/angiomedi.com.br\/home\/wp-json\/wp\/v2\/comments?post=29010"}],"version-history":[{"count":5,"href":"https:\/\/angiomedi.com.br\/home\/wp-json\/wp\/v2\/pages\/29010\/revisions"}],"predecessor-version":[{"id":29161,"href":"https:\/\/angiomedi.com.br\/home\/wp-json\/wp\/v2\/pages\/29010\/revisions\/29161"}],"wp:featuredmedia":[{"embeddable":true,"href":"https:\/\/angiomedi.com.br\/home\/wp-json\/wp\/v2\/media\/28998"}],"wp:attachment":[{"href":"https:\/\/angiomedi.com.br\/home\/wp-json\/wp\/v2\/media?parent=29010"}],"curies":[{"name":"wp","href":"https:\/\/api.w.org\/{rel}","templated":true}]}}